 tens digit of 15744?
4
What is the units digit of 3683?
3
What is the tens digit of 2721?
2
What is the hundreds digit of 5159?
1
What is the tens digit of 15629?
2
What is the thousands digit of 6536?
6
What is the tens digit of 25540?
4
What is the hundreds digit of 1467?
4
What is the ten thousands digit of 64863?
6
What is the units digit of 719?
9
What is the tens digit of 35201?
0
What is the thousands digit of 5422?
5
What is the units digit of 9671?
1
What is the tens digit of 65935?
3
What is the thousands digit of 35207?
5
What is the tens digit of 17922?
2
What is the units digit of 64?
4
What is the units digit of 80?
0
What is the ten thousands digit of 12534?
1
What is the ten thousands digit of 116643?
1
What is the tens digit of 24445?
4
What is the thousands digit of 2278?
2
What is the units digit of 6963?
3
What is the hundreds digit of 765?
7
What is the ten thousands digit of 49086?
4
What is the tens digit of 6794?
9
What is the hundreds digit of 30411?
4
What is the tens digit of 689?
8
What is the thousands digit of 7199?
7
What is the tens digit of 3136?
3
What is the ten thousands digit of 28345?
2
What is the ten thousands digit of 187244?
8
What is the hundreds digit of 1276?
2
What is the tens digit of 474?
7
What is the units digit of 468?
8
What is the units digit of 112717?
7
What is the hundreds digit of 12513?
5
What is the units digit of 18806?
6
What is the tens digit of 39974?
7
What is the units digit of 2332?
2
What is the thousands digit of 10419?
0
What is the tens digit of 6141?
4
What is the tens digit of 2230?
3
What is the tens digit of 1363?
6
What is the hundreds digit of 1876?
8
What is the thousands digit of 60321?
0
What is the units digit of 83774?
4
What is the tens digit of 3372?
7
What is the units digit of 38220?
0
What is the ten thousands digit of 17741?
1
What is the tens digit of 903?
0
What is the thousands digit of 23377?
3
What is the tens digit of 2740?
4
What is the hundreds digit of 18294?
2
What is the units digit of 336?
6
What is the hundred thousands digit of 128249?
1
What is the units digit of 25349?
9
What is the units digit of 70395?
5
What is the thousands digit of 50422?
0
What is the units digit of 170?
0
What is the hundreds digit of 2679?
6
What is the hundreds digit of 6059?
0
What is the thousands digit of 19376?
9
What is the hundreds digit of 4190?
1
What is the hundreds digit of 117?
1
What is the units digit of 13549?
9
What is the hundreds digit of 23082?
0
What is the hundreds digit of 58247?
2
What is the units digit of 2877?
7
What is the hundreds digit of 26328?
3
What is the tens digit of 7703?
0
What is the units digit of 12146?
6
What is the tens digit of 713?
1
What is the thousands digit of 4965?
4
What is the thousands digit of 162074?
2
What is the ten thousands digit of 25244?
2
What is the tens digit of 36821?
2
What is the units digit of 820?
0
What is the hundreds digit of 10559?
5
What is the units digit of 982?
2
What is the tens digit of 736?
3
What is the thousands digit of 1712?
1
What is the tens digit of 24483?
8
What is the hundreds digit of 35092?
0
What is the hundred thousands digit of 154945?
1
What is the ten thousands digit of 25356?
2
What is the hundreds digit of 6056?
0
What is the hundreds digit of 1544?
5
What is the thousands digit of 9990?
9
What is the thousands digit of 1264?
1
What is the hundreds digit of 4263?
2
What is the tens digit of 42691?
9
What is the thousands digit of 8785?
8
What is the units digit of 5064?
4
What is the tens digit of 190?
9
What is the thousands digit of 19128?
9
What is the thousands digit of 5390?
5
What is the ten thousands digit of 14210?
1
What is the hundreds digit of 147347?
3
What is the hundreds digit of 836?
8
What is the hundreds digit of 593?
5
What is the thousands digit of 5333?
5
What is the units digit of 1984?
4
What is the tens digit of 1046?
4
What is the hundreds digit of 394?
3
What is the hundreds digit of 129790?
7
What is the tens digit of 313?
1
What is the hundreds digit of 34065?
0
What is the hundreds digit of 840?
8
What is the tens digit of 37533?
3
What is the tens digit of 51198?
9
What is the tens digit of 492?
9
What is the thousands digit of 2198?
2
What is the units digit of 1710?
0
What is the units digit of 1167?
7
What is the units digit of 84?
4
What is the units digit of 771?
1
What is the hundreds digit of 23203?
2
What is the units digit of 72505?
5
What is the tens digit of 68286?
8
What is the units digit of 22964?
4
What is the units digit of 2064?
4
What is the tens digit of 29693?
9
What is the ten thousands digit of 13637?
1
What is the thousands digit of 1205?
1
What is the thousands digit of 1376?
1
What is the tens digit of 1345?
4
What is the tens digit of 1508?
0
What is the units digit of 128607?
7
What is the units digit of 6353?
3
What is the thousands digit of 6414?
6
What is the thousands digit of 153668?
3
What is the hundreds digit of 1984?
9
What is the units digit of 1545?
5
What is the hundreds digit of 1411?
4
What is the units digit of 872?
2
What is the units digit of 14870?
0
What is the hundreds digit of 665?
6
What is the tens digit of 42705?
0
What is the tens digit of 1086?
8
What is the tens digit of 1937?
3
What is the thousands digit of 20391?
0
What is the units digit of 277?
7
What is the hundreds digit of 8434?
4
What is the ten thousands digit of 72902?
7
What is the units digit of 468?
8
What is the tens digit of 10582?
8
What is the hundred thousands digit of 110719?
1
What is the thousands digit of 70473?
0
What is the units digit of 612?
2
What is the hundreds digit of 2006?
0
What is the thousands digit of 10819?
0
What is the hundreds digit of 22742?
7
What is the tens digit of 26327?
2
What is the units digit of 18003?
3
What is the units digit of 1194?
4
What is the units digit of 7172?
2
What is the tens digit of 19526?
2
What is the hundreds digit of 7108?
1
What is the tens digit of 2907?
0
What is the hundreds digit of 9317?
3
What is the units digit of 3345?
5
What is the ten thousands digit of 17491?
1
What is the ten thousands digit of 73195?
7
What is the tens digit of 9654?
5
What is the units digit of 43655?
5
What is the hundreds digit of 405?
4
What is the hundred thousands digit of 198047?
1
What is the units digit of 17189?
9
What is the tens digit of 846?
4
What is the hundreds digit of 8652?
6
What is the units digit of 25800?
0
What is the tens digit of 11906?
0
What is the tens digit of 8025?
2
What is the thousands digit of 1634?
1
What is the tens digit of 2756?
5
What is the hundreds digit of 585?
5
What is the ten thousands digit of 18656?
1
What is the hundreds digit of 666?
6
What is the units digit of 661?
1
What is the hundreds digit of 6416?
4
What is the tens digit of 2067?
6
What is the hundreds digit of 51645?
6
What is the hundreds digit of 8019?
0
What is the hundreds digit of 1064?
0
What is the hundreds digit of 10446?
4
What is the hundreds digit of 26436?
4
What is the units digit of 657?
7
What is the tens digit of 8894?
9
What is the units digit of 4593?
3
What is the tens digit of 1478?
7
What is the hundreds digit of 6648?
6
What is the units digit of 7361?
1
What is the hundreds digit of 16971?
9
What is the units digit of 14886?
6
What is the hundreds digit of 125?
1
What is the hundreds digit of 29757?
7
What is the units digit of 614?
4
What is the thousands digit of 14120?
4
What is the units digit of 2109?
9
What is the units digit of 8830?
0
What is the units digit of 87207?
7
What is the thousands digit of 1586?
1
What is the hundreds digit of 265?
2
What is the hundreds digit of 107038?
0
What is the tens digit of 4557?
5
What is the thousands digit of 4087?
4
What is the hundreds digit of 350?
3
What is the ten thousands digit of 23327?
2
What is the units digit of 20950?
0
What is the ten thousands digit of 30997?
3
What is the tens digit of 11396?
9
What is the tens digit of 46216?
1
What is the hundreds digit of 21453?
4
What is the units digit of 33191?
1
What is the hundreds digit of 2651?
6
What is the tens digit of 1098?
9
What is the units digit of 1524?
4
What is the units digit of 21502?
2
What is the hundreds digit of 23567?
5
What is the un